 733. Is f prime?
True
Is 2/(-70)*2 - 104308506/(-630) a composite number?
False
Let f = -25 + 15. Let z = f + 22. Is (-1588)/(-6)*z/8 composite?
False
Let y be ((-49)/(-28))/((-68)/(-16) - 4). Is 2/(-5) + 36914*y/70 a composite number?
False
Let z = -51 + 55. Suppose -3*g = 3*j - 62 - 43, -108 = -4*g + z*j. Is g prime?
True
Suppose -26*i + i = -229050. Suppose i = 8*r + r. Is r a prime number?
False
Suppose 30 = 15*u + 15. Suppose 2*o - u = 7, 4*r + 2*o = 2724. Is r composite?
True
Let d be 4/((-28)/(-21)) + 106. Suppose -b = -3*h - d, 273 + 163 = 4*b + 2*h. Is b composite?
False
Let b(x) be the second derivative of -1191*x**5/10 - x**4/12 - 7*x**3/6 - 5*x**2/2 - 2*x + 20. Is b(-1) composite?
False
Suppose -y = -2*a - 83691, 0 = -81*y + 76*y + 2*a + 418423. Is y prime?
False
Suppose -2*h + 10 = 0, 2*p + 2*h + 2*h - 28 = 0. Is (p/(-7) - (-16853)/7) + 4 a composite number?
False
Suppose 14*g = -6*g + 20. Is -4 - (g - (15501 - 5)) a composite number?
True
Suppose 3402358 = 2*c - 4*i, 2*c - 3614559 = -2*i - 212249. Is c a prime number?
False
Let h be 0 + 21/3 - (-4 + 7). Suppose 6*p - h*i - 26 = 3*p, 2*p - 22 = 5*i. Suppose b + 6295 = p*b + 5*n, -1265 = -b - 4*n. Is b a composite number?
True
Suppose 2 = -2*s, 0 = -2*u + 3*u - s - 61. Suppose 18*d - 2413 = -109*d. Let m = u + d. Is m prime?
True
Let m(q) = 50*q**2 - 51*q + 134. Is m(25) prime?
True
Let i(l) = -1037*l + 3. Let b(d) = 2*d - 1. Let u(j) = -j. Let k(q) = b(q) + 3*u(q). Let r(c) = -i(c) + 6*k(c). Is r(2) a composite number?
False
Is 7859984/64 + 21 + -2*(-1)/(-8) prime?
True
Let b = 8 - -12. Let r be (-9)/((-135)/b)*3/2. Suppose a + 1124 = r*p + 3*a, 542 = p - 3*a. Is p a composite number?
False
Let w(u) = -u**3 - 26*u**2 - 47*u + 24. Let q be w(-24). Suppose q*y = -l - 3*y - 4533, -5*y - 9068 = 2*l. Is 32/56 - l/7 a prime number?
False
Let i(d) = -18802*d + 1151. Is i(-14) a composite number?
True
Let x(d) = -4*d**3 + 56*d**2 + 3*d - 28. Let y(a) = -2*a**3 + 27*a**2 + a - 14. Let t(u) = 3*x(u) - 7*y(u). Is t(11) composite?
False
Is 30691635/(-325)*(2 + 22/(-6)) prime?
True
Let t = 565 - 560. Suppose -t*y - 5 = -25, 4*y + 2788 = 4*d. Is d composite?
False
Let a = -131 + 145. Suppose -1515 = a*x - 8053. Is x a prime number?
True
Let u(q) = -2*q**3 - 23*q**2 + 202*q - 178. Is u(-45) a composite number?
True
Let z(o) = 15 + 93 - 52 + 132 - 27*o + 12*o**2. Is z(19) prime?
True
Let l = -72 - -90. Let a = l - -241. Is a a composite number?
True
Let o = 148033 - 75420. Is o composite?
False
Suppose 3*u - 5*u = -3*i + 2990509, -4*u = -28. Is i composite?
False
Let m(l) = -l**3 - 83*l**2 + 174*l - 240. Is m(-91) a composite number?
True
Let k be 10 + 16/(-4) - 4. Let l(n) = 2856*n**2 + 7*n - 1. Is l(k) a prime number?
True
Let n be 10/((-2 + -1)/(-12)). Let w = n + -44. Is 95/20 + -4 + (-2953)/w prime?
True
Let r(g) = 564*g**2 - 338*g - 49. Is r(-13) prime?
True
Let q(o) = 1127*o - 12. Let n(a) = 563*a - 6. Let r(l) = -9*n(l) + 4*q(l). Is r(-13) a prime number?
False
Let b be ((-8 + 8)/(-3))/((-4)/(-1)). Suppose b*h - h + 1409 = 0. Is h a prime number?
True
Let y = 179820 + 87667. Is y prime?
False
Let g = -116 - -115. Let v be (12/(-8))/g*(-8)/(-3). Suppose -2*h + 12286 = -5*f, 30715 = 7*h - 2*h - v*f. Is h a composite number?
False
Let h(k) = 89*k - 51. Let r be h(8). Let w = r - 74. Is w a composite number?
False
Let o = -35 - -26. Let r(c) = -274*c - 119. Let s(t) = -55*t - 24. Let d(j) = -2*r(j) + 11*s(j). Is d(o) a composite number?
False
Let b(t) = 1382*t - 19. Suppose -54 - 9 = -k. Let l = k + -59. Is b(l) composite?
True
Suppose 5*w + 7 - 37 = 0. Suppose w*d - 1359 = 4617. Is 6 + -2 - d/(-2) a prime number?
False
Let i = -17673 - -41128. Is i prime?
False
Let w be (-2)/(-6) - (-1706)/(-9)*-21. Let t = -2348 + w. Is t composite?
True
Suppose 0*d - 91 = d. Let z be 10257/65 - (-27)/(-15). Let o = z + d. Is o prime?
False
Suppose 0 = 168*g - 173*g. Suppose g*v - 9*v = -41049. Is v prime?
True
Let i = 74107 - 52116. Is i a prime number?
True
Let v = 262582 - 177573. Is v composite?
False
Suppose 4*k = -2*x - 214, x = 5*k + 5*x + 275. Let d = -47 - k. Suppose 2*u - 2*o - 1109 - 1963 = 0, -d*u + 6143 = -3*o. Is u a composite number?
True
Suppose 3*p - k - 701300 = 250443, p - 5*k - 317229 = 0. Is p composite?
True
Let h(t) = -t**3 - 7*t - 6140. Let c be h(0). Let w = -4225 - c. Is w a composite number?
True
Suppose -2*t + 2093 = 5*s - 758, 2831 = 2*t + s. Let i = t - 9. Let w = i + 1117. Is w composite?
False
Let o(l) = 164*l**2 + 3*l - 20*l - 1873 + 1889. Is o(7) composite?
False
Let r(k) = k**2 - 14*k. Let p be r(14). Suppose 2*f + w - 16570 = p, 10605 = -4*f + 4*w + 43769. Is f a prime number?
True
Let a(l) = -5*l**3 + 234*l**2 - 33*l - 29. Is a(43) a prime number?
False
Suppose 106*y - 3806523 + 1145366 = 7701297. Is y a composite number?
True
Suppose 2*u - 14 = -4*s, -4*u - 6 - 2 = -s. Suppose q + s*a + 0 - 2 = 0, -3 = q + 5*a. Suppose 10*g + 4884 = q*g. Is g composite?
True
Let c be 5*(-11)/(33/(-6)). Is c*3/285 + 345627/19 a composite number?
False
Suppose -14*d + 15 = -13. Is (4*3647/14)/d composite?
False
Let m = -57 + 265. Let n = -59 - -61. Suppose -v + 46 + 68 = -q, m = n*v + 2*q. Is v prime?
True
Let z(m) = 3622*m**2 - 60*m + 161. Is z(3) prime?
True
Let k be 219/8 + (5 - (-86)/(-16)). Suppose 22*v + 2505 = k*v. Is v a prime number?
False
Suppose 0 = 42*v - 11160368 - 18471514. Is v a composite number?
False
Let u(c) = 9*c**2 - 9*c. Let v be u(4). Let o = 105 - v. Is 88 + -10*o/(-6) prime?
True
Suppose -25 = 5*z, -v + 2*z = z - 7. Suppose -2829 = -v*o + 1145. Is o prime?
True
Suppose -5*a + 2*o = -3782 - 1308, -5*o = a - 1045. Let f = 2713 - a. Is f a composite number?
False
Let p(n) = -n**2 - 44*n - 226. Let x be p(-38). Suppose -4*l + 7403 = d, -5*d + 3*l + 36940 = -x*l. Is d a prime number?
False
Is (2/((-6)/21))/(((-35)/40465)/7) prime?
False
Let d(s) be the second derivative of 5/12*s**4 + 13/6*s**3 - 1/10*s**5 + 3*s + 9/2*s**2 + 0. Is d(-5) composite?
True
Let w(o) = -o**2 + 8*o**2 + 21*o**3 - 22*o**3 + 2. Let q be w(7). Is q/(-6) + 5 + 1706/6 a composite number?
True
Suppose 2*z = -2*p + 6*z - 8, 3*p - 4*z + 14 = 0. Let l(c) = c**3 + 5*c**2 - 10*c + 8. Let x be l(p). Suppose 4*n + x = 12*n. Is n a composite number?
True
Let y(h) = 17*h**2 + 24*h - 62. Let v be y(18). Let r be (-3)/(36/v) + 5/(-30). Let f = 1281 + r. Is f a prime number?
False
Let m(o) be the second derivative of -o**4/12 - 11*o**3/6 + 4*o**2 - 8*o. Let p be m(-11). Suppose -y = -p*y + 13727. Is y prime?
False
Is 2/((-2255704)/451144 - -5) a prime number?
True
Let g(x) = 0*x + x + 3*x - 45*x**2 - 3*x. Let m be g(7). Let c = -725 - m. Is c a prime number?
False
Suppose 133*x + 70*x = 12*x + 347430337. Is x a composite number?
False
Suppose 1994669 = 17*m + m + 92267. Is m a composite number?
True
Suppose -11489 = 5*a + g - 51420, 0 = -5*a + g + 39929. Suppose -k + 3975 = -2*y, 8*k - 5*y + a = 10*k. Is k composite?
True
Let q = -723176 + 1071995. Is q a composite number?
True
Let p(w) = 2701*w**2 - 23*w + 173. Is p(5) prime?
False
Let k be 1 - -3 - (-4 + (-60)/(-5)). Let r(q) be the third derivative of 101*q**5/60 - 5*q**4/24 + q**3/6 + 6*q**2. Is r(k) a prime number?
True
Let z(x) = -2*x**3 - 12*x**2 + 20*x - 10. Let b(m) = -m**3 + m**2 + m. Let f(k) = 3*b(k) - z(k). Is f(13) composite?
False
Suppose -15*u + 21*u = 24. Suppose 0 = -u*o - 5*q + 20653, 0*q - 10346 = -2*o + 4*q. Is o a composite number?
False
Suppose -58 = 4*a + 78. Let l = a + 34. Suppose l*j - 3*j = -4*i + 2695, 0 = -3*i - 4*j + 2015. Is i composite?
False
Suppose 8*p - 78*p = -2590. Suppose -3*w = t - 3*t - 58, -4*w = 4*t - 64. Let u = p - w. Is u a prime number?
True
Suppose 6*i - 9 = 3. Let y be (-2 + i)*(-1)/(-2) + 12. Suppose 2*c = a + c - 153, 0 = 3*c + y. Is a composite?
False
Let r(k) = 1520*k + 39. Let s be r(-5). Let o = -254 - s. Is o composite?
False
Let u be ((25/2)/5)/((-10)/(-24)). Suppose 0 = 2*a + u*a + 88. Let l(k) = 4*k**2 - 38*k + 5. Is l(a) composite?
False
Let p(f) = 3254*f**3 - f**2 - 10*f - 13. Is p(4) composite?
True
Let s(v) = 42*v**2 - 4*v - 3. Let y be s(-1). Let m = y + -41. Suppose 2*q = j - 548, m*j - 5*q = -2*j + 2177. Is j a composite number?
True
Let n(t) = -t**3 - 16*t**2 - 3*t + 55. Let v be n(-14). 